{"id":2485,"date":"2023-10-18T13:07:23","date_gmt":"2023-10-18T17:07:23","guid":{"rendered":"https:\/\/guarainag.gob.ec\/azuay\/?page_id=2485"},"modified":"2023-10-18T14:41:44","modified_gmt":"2023-10-18T18:41:44","slug":"comunicado","status":"publish","type":"page","link":"https:\/\/guarainag.gob.ec\/azuay\/comunicado\/","title":{"rendered":"COMUNICADO"},"content":{"rendered":"<p>#POR_TI_GUARAINAG<br \/>\n\ud83d\uded1 CONVOCATORIA \ud83d\uded1<br \/>\nEl Gobierno Aut\u00f3nomo Descentralizado Parroquial de Guarainag, INVITA a los proveedores de la localidad a participar de la #Feria_Inclusiva, cuyo objeto de contrataci\u00f3n es la <strong>ADQUISICI\u00d3N DE KITS DE ALIMENTOS PARA ENTREGAR A LOS BENEFICIARIOS DEL PROYECTO EN COMPARTIR EST\u00c1 EL VIVIR DE LA PARROQUIA GUARAINAG<\/strong>, con c\u00f3digo de proceso numero <strong>FI-GADPG-2023-01<\/strong>, con el siguiente cronograma.<\/p>\n<p><a href=\"https:\/\/guarainag.gob.ec\/azuay\/wp-content\/uploads\/2023\/10\/SERCOP.pdf\">SERCOP<\/a><\/p>\n<p>#Por_un_Guarainag_unido<br \/>\n#TODOS_SOMOS_PUEBLO<br \/>\n#SU_AMIGO_PRESIDENTE<br \/>\n#RonaldCoyago<br \/>\nAdministraci\u00f3n 2023-2027<\/p>\n","protected":false},"excerpt":{"rendered":"<p>#POR_TI_GUARAINAG \ud83d\uded1 CONVOCATORIA \ud83d\uded1 El Gobierno Aut\u00f3nomo Descentralizado Parroquial de Guarainag, INVITA a los proveedores de la localidad a participar de la #Feria_Inclusiva, cuyo objeto de contrataci\u00f3n es la ADQUISICI\u00d3N DE KITS DE ALIMENTOS PARA ENTREGAR A LOS BENEFICIARIOS DEL PROYECTO EN COMPARTIR EST\u00c1 EL VIVIR DE LA PARROQUIA GUARAINAG, con c\u00f3digo de proceso numero [&hellip;]<\/p>\n","protected":false},"author":9,"featured_media":0,"parent":0,"menu_order":0,"comment_status":"closed","ping_status":"closed","template":"","meta":{"footnotes":""},"yst_prominent_words":[62],"class_list":["post-2485","page","type-page","status-publish","hentry"],"_links":{"self":[{"href":"https:\/\/guarainag.gob.ec\/azuay\/wp-json\/wp\/v2\/pages\/2485","targetHints":{"allow":["GET"]}}],"collection":[{"href":"https:\/\/guarainag.gob.ec\/azuay\/wp-json\/wp\/v2\/pages"}],"about":[{"href":"https:\/\/guarainag.gob.ec\/azuay\/wp-json\/wp\/v2\/types\/page"}],"author":[{"embeddable":true,"href":"https:\/\/guarainag.gob.ec\/azuay\/wp-json\/wp\/v2\/users\/9"}],"replies":[{"embeddable":true,"href":"https:\/\/guarainag.gob.ec\/azuay\/wp-json\/wp\/v2\/comments?post=2485"}],"version-history":[{"count":2,"href":"https:\/\/guarainag.gob.ec\/azuay\/wp-json\/wp\/v2\/pages\/2485\/revisions"}],"predecessor-version":[{"id":2494,"href":"https:\/\/guarainag.gob.ec\/azuay\/wp-json\/wp\/v2\/pages\/2485\/revisions\/2494"}],"wp:attachment":[{"href":"https:\/\/guarainag.gob.ec\/azuay\/wp-json\/wp\/v2\/media?parent=2485"}],"wp:term":[{"taxonomy":"yst_prominent_words","embeddable":true,"href":"https:\/\/guarainag.gob.ec\/azuay\/wp-json\/wp\/v2\/yst_prominent_words?post=2485"}],"curies":[{"name":"wp","href":"https:\/\/api.w.org\/{rel}","templated":true}]}}

<p>#POR_TI_GUARAINAG<br />
🛑 CONVOCATORIA 🛑<br />
El Gobierno Autónomo Descentralizado Parroquial de Guarainag, INVITA a los proveedores de la localidad a participar de la #Feria_Inclusiva, cuyo objeto de contratación es la <strong>ADQUISICIÓN DE KITS DE ALIMENTOS PARA ENTREGAR A LOS BENEFICIARIOS DEL PROYECTO EN COMPARTIR ESTÁ EL VIVIR DE LA PARROQUIA GUARAINAG</strong>, con código de proceso numero <strong>FI-GADPG-2023-01</strong>, con el siguiente cronograma.</p>
<p><a href="https://guarainag.gob.ec/azuay/wp-content/uploads/2023/10/SERCOP.pdf">SERCOP</a></p>
<p>#Por_un_Guarainag_unido<br />
#TODOS_SOMOS_PUEBLO<br />
#SU_AMIGO_PRESIDENTE<br />
#RonaldCoyago<br />
Administración 2023-2027</p>

<p>#POR_TI_GUARAINAG 🛑 CONVOCATORIA 🛑 El Gobierno Autónomo Descentralizado Parroquial de Guarainag, INVITA a los proveedores de la localidad a participar de la #Feria_Inclusiva, cuyo objeto de contratación es la ADQUISICIÓN DE KITS DE ALIMENTOS PARA ENTREGAR A LOS BENEFICIARIOS DEL PROYECTO EN COMPARTIR ESTÁ EL VIVIR DE LA PARROQUIA GUARAINAG, con código de proceso numero [&hellip;]</p>
